{"id":303,"date":"2023-05-07T01:40:58","date_gmt":"2023-05-07T01:40:58","guid":{"rendered":"https:\/\/diocesisdesancarloscojedes.com\/?page_id=303"},"modified":"2024-01-24T15:39:12","modified_gmt":"2024-01-24T15:39:12","slug":"san-juan-maria-vianney","status":"publish","type":"page","link":"https:\/\/diocesisdesancarloscojedes.com\/?page_id=303","title":{"rendered":"San Juan Mar\u00eda Vianney"},"content":{"rendered":"<h2 class=\"wp-block-heading\">Arcipreste<\/h2><figure class=\"wp-block-image alignfull size-large\"><img fetchpriority=\"high\" decoding=\"async\" width=\"1024\" height=\"171\" src=\"https:\/\/diocesisdesancarloscojedes.com\/wp-content\/uploads\/2023\/06\/carlos-1024x171.png\" alt=\"\" class=\"wp-image-782\" srcset=\"https:\/\/diocesisdesancarloscojedes.com\/wp-content\/uploads\/2023\/06\/carlos-1024x171.png 1024w, https:\/\/diocesisdesancarloscojedes.com\/wp-content\/uploads\/2023\/06\/carlos-300x50.png 300w, https:\/\/diocesisdesancarloscojedes.com\/wp-content\/uploads\/2023\/06\/carlos-768x128.png 768w, https:\/\/diocesisdesancarloscojedes.com\/wp-content\/uploads\/2023\/06\/carlos-1536x256.png 1536w, https:\/\/diocesisdesancarloscojedes.com\/wp-content\/uploads\/2023\/06\/carlos-2048x341.png 2048w, https:\/\/diocesisdesancarloscojedes.com\/wp-content\/uploads\/2023\/06\/carlos-600x100.png 600w\" sizes=\"(max-width: 1024px) 100vw, 1024px\" \/><\/figure><h2 class=\"wp-block-heading\">Parroquias<\/h2><h3 class=\"wp-block-heading\">Parroquia Nuestra Se\u00f1ora del Socorro<\/h3><figure class=\"wp-block-image alignright size-large is-resized\"><img decoding=\"async\" src=\"https:\/\/diocesisdesancarloscojedes.com\/wp-content\/uploads\/2023\/05\/socorro-1024x687.jpg\" alt=\"\" class=\"wp-image-486\" width=\"420\" height=\"281\" srcset=\"https:\/\/diocesisdesancarloscojedes.com\/wp-content\/uploads\/2023\/05\/socorro-1024x687.jpg 1024w, https:\/\/diocesisdesancarloscojedes.com\/wp-content\/uploads\/2023\/05\/socorro-300x201.jpg 300w, https:\/\/diocesisdesancarloscojedes.com\/wp-content\/uploads\/2023\/05\/socorro-768x515.jpg 768w, https:\/\/diocesisdesancarloscojedes.com\/wp-content\/uploads\/2023\/05\/socorro-1536x1031.jpg 1536w, https:\/\/diocesisdesancarloscojedes.com\/wp-content\/uploads\/2023\/05\/socorro-600x403.jpg 600w, https:\/\/diocesisdesancarloscojedes.com\/wp-content\/uploads\/2023\/05\/socorro.jpg 2048w\" sizes=\"(max-width: 420px) 100vw, 420px\" \/><\/figure><p>J-000000000                                                                                                                                                       Calle Silva, entre Av. Principal y Av. Bol\u00edvar, Frente a la Plaza Bol\u00edvar, Tinaquillo Edo. Cojedes.        Tel\u00e9fono: (0258) 7662532<\/p><p>Lun a S\u00e1b:                                                                                                                                                   Domingos:                                                                                                                                                   Despacho:                                                                                                                                               Confesiones:                                                                                                                                              Bautismos:<\/p><iframe src=\"https:\/\/www.google.com\/maps\/embed?pb=!1m18!1m12!1m3!1d4293.379014114146!2d-68.3118803024926!3d9.914845674064525!2m3!1f0!2f0!3f0!3m2!1i1024!2i768!4f13.1!3m3!1m2!1s0x8e8082e7e7232c87%3A0xca77215bbd744f5c!2sIglesia%20de%20Nuestra%20Se%C3%B1ora%20del%20Socorro!5e0!3m2!1ses-419!2sve!4v1685654622894!5m2!1ses-419!2sve\" width=\"1200\" height=\"200\" style=\"border:0;\" allowfullscreen=\"\" loading=\"lazy\" referrerpolicy=\"no-referrer-when-downgrade\"><\/iframe><h3 class=\"wp-block-heading\">Parroquia Sagrado Coraz\u00f3n de Jes\u00fas<\/h3><figure class=\"wp-block-image alignright size-large is-resized\"><img decoding=\"async\" src=\"https:\/\/diocesisdesancarloscojedes.com\/wp-content\/uploads\/2023\/05\/Screenshot_20230331-143839_1-1024x764.jpg\" alt=\"\" class=\"wp-image-465\" width=\"414\" height=\"308\" srcset=\"https:\/\/diocesisdesancarloscojedes.com\/wp-content\/uploads\/2023\/05\/Screenshot_20230331-143839_1-1024x764.jpg 1024w, https:\/\/diocesisdesancarloscojedes.com\/wp-content\/uploads\/2023\/05\/Screenshot_20230331-143839_1-300x224.jpg 300w, https:\/\/diocesisdesancarloscojedes.com\/wp-content\/uploads\/2023\/05\/Screenshot_20230331-143839_1-768x573.jpg 768w, https:\/\/diocesisdesancarloscojedes.com\/wp-content\/uploads\/2023\/05\/Screenshot_20230331-143839_1-600x448.jpg 600w, https:\/\/diocesisdesancarloscojedes.com\/wp-content\/uploads\/2023\/05\/Screenshot_20230331-143839_1.jpg 1080w\" sizes=\"(max-width: 414px) 100vw, 414px\" \/><\/figure><p>J 31349030-0<br>Av. Principal de San Isidro, Tinaquillo, Edo. Cojedes Tel\u00e9fonos: (0258) 7663829 <\/p><p>Lun a Vie: 5:00 PM<br>Domingos: 7:00 AM\/9:00 AM\/ 5:00 PM <\/p><p>Despacho: Lun a Vie 2:00-5:00 PM <\/p><p>Confesiones: Jue 4:00 PM<br>Bautismos: S\u00e1b 10:00 AM<\/p><iframe src=\"https:\/\/www.google.com\/maps\/embed?pb=!1m18!1m12!1m3!1d2427.605412222387!2d-68.29899402927104!3d9.932949400246025!2m3!1f0!2f0!3f0!3m2!1i1024!2i768!4f13.1!3m3!1m2!1s0x8e80831ad2ba718b%3A0xad8d6e8fb55d80f3!2sIglesia%20Sagrado%20Coraz%C3%B3n%20de%20Jesus!5e0!3m2!1ses-419!2sve!4v1685654662072!5m2!1ses-419!2sve\" width=\"1200\" height=\"200\" style=\"border:0;\" allowfullscreen=\"\" loading=\"lazy\" referrerpolicy=\"no-referrer-when-downgrade\"><\/iframe><h3 class=\"wp-block-heading\">Parroquia Nuestra Se\u00f1ora de la Candelaria <\/h3><figure class=\"wp-block-image alignright size-full is-resized\"><img loading=\"lazy\" decoding=\"async\" src=\"https:\/\/diocesisdesancarloscojedes.com\/wp-content\/uploads\/2023\/05\/candelaria.jpg\" alt=\"\" class=\"wp-image-487\" width=\"433\" height=\"291\" srcset=\"https:\/\/diocesisdesancarloscojedes.com\/wp-content\/uploads\/2023\/05\/candelaria.jpg 1024w, https:\/\/diocesisdesancarloscojedes.com\/wp-content\/uploads\/2023\/05\/candelaria-300x201.jpg 300w, https:\/\/diocesisdesancarloscojedes.com\/wp-content\/uploads\/2023\/05\/candelaria-768x515.jpg 768w, https:\/\/diocesisdesancarloscojedes.com\/wp-content\/uploads\/2023\/05\/candelaria-600x403.jpg 600w\" sizes=\"(max-width: 433px) 100vw, 433px\" \/><\/figure><p>J-31349047-4<br>Av. 5 Tamanaco, Sector la Candelaria, Tinaquillo, Edo. Cojedes.  Tel\u00e9fonos: (0258) 7665163<\/p><p>Lun a S\u00e1b: 5:00 PM<br>Domingos: 7:00 AM\/9:00 AM\/11:00 AM (Vicaria)\/4:00 PM (La Pica)\/5:00 PM Despacho: 8:00 AM\/12:00 PM<br>Confesiones: Jue 3:00 PM-5:00 PM<br>Bautismos: S\u00e1b 9:00 AM.<\/p><iframe src=\"https:\/\/www.google.com\/maps\/embed?pb=!1m18!1m12!1m3!1d1746.6786723321134!2d-68.32557554885831!3d9.914699280579502!2m3!1f0!2f0!3f0!3m2!1i1024!2i768!4f13.1!3m3!1m2!1s0x8e8082cfcaf79aa9%3A0xe71934c5b06981c!2sIglesia%20Nuestra%20Se%C3%B1ora%20De%20La%20Candelaria!5e0!3m2!1ses-419!2sve!4v1685654724572!5m2!1ses-419!2sve\" width=\"1200\" height=\"200\" style=\"border:0;\" allowfullscreen=\"\" loading=\"lazy\" referrerpolicy=\"no-referrer-when-downgrade\"><\/iframe><h3 class=\"wp-block-heading\">Parroquia San Francisco de As\u00eds<\/h3><h3 class=\"wp-block-heading\">Parroquia Santo Cristo y San Isidro <\/h3><figure class=\"wp-block-image alignright size-full is-resized\"><img loading=\"lazy\" decoding=\"async\" src=\"https:\/\/diocesisdesancarloscojedes.com\/wp-content\/uploads\/2023\/05\/macapo.jpg\" alt=\"\" class=\"wp-image-489\" width=\"417\" height=\"369\" srcset=\"https:\/\/diocesisdesancarloscojedes.com\/wp-content\/uploads\/2023\/05\/macapo.jpg 532w, https:\/\/diocesisdesancarloscojedes.com\/wp-content\/uploads\/2023\/05\/macapo-300x265.jpg 300w\" sizes=\"(max-width: 417px) 100vw, 417px\" \/><\/figure><p>J-31011021-2<br>Plaza Bol\u00edvar de Macapo, Municipio Lima Blanco. Tel\u00e9fonos: (0258) 7276295.<\/p><p>Lun a S\u00e1b: 5:30 PM<br>Domingos: 8:00 AM\/10:30 AM\/5:00 PM Despacho: Lun a Vie 8:00 AM-12:00 PM Confesiones: Todos los d\u00edas 4:00 PM Bautismos: S\u00e1b 9:00 AM<\/p><iframe src=\"https:\/\/www.google.com\/maps\/embed?pb=!1m18!1m12!1m3!1d526.0742770707989!2d-68.43926127647842!3d9.825528023505356!2m3!1f0!2f0!3f0!3m2!1i1024!2i768!4f13.1!3m3!1m2!1s0x8e7e2148f8e804c1%3A0xef9cfcd84740d537!2sIglesia%20Municipal%20de%20Macapo!5e0!3m2!1ses-419!2sve!4v1685654799136!5m2!1ses-419!2sve\" width=\"1200\" height=\"200\" style=\"border:0;\" allowfullscreen=\"\" loading=\"lazy\" referrerpolicy=\"no-referrer-when-downgrade\"><\/iframe><h3 class=\"wp-block-heading\">Vicaria San Jos\u00e9<\/h3><p><p>J-00000000-0<br>Plaza Bol\u00edvar de La Aguadilla, Municipio Lima Blanco. <\/p><\/p><p><p>Tel\u00e9fonos: (0258) 7276295.<\/p><span style=\"font-size: Revert; color: initial;\">Lun a S\u00e1b: 5:30 PM<\/span><p>Domingos: 8:00 AM\/10:30 AM\/5:00 PM Despacho: Lun a Vie 8:00 AM-12:00 PM Confesiones: Todos los d\u00edas 4:00 PM Bautismos: S\u00e1b 9:00 AM<\/p><\/p><iframe src=\"https:\/\/www.google.com\/maps\/embed?pb=!1m18!1m12!1m3!1d1965.7238432830907!2d-68.38634743851057!3d9.81271474453151!2m3!1f0!2f0!3f0!3m2!1i1024!2i768!4f13.1!3m3!1m2!1s0x8e7e2709372cb3fd%3A0x77c09445d1ddb289!2sIglesia%20San%20Jos%C3%A9%20Obrero!5e0!3m2!1ses-419!2sve!4v1706109838548!5m2!1ses-419!2sve\" width=\"1200\" height=\"200\" style=\"border:0;\" allowfullscreen=\"\" loading=\"lazy\" referrerpolicy=\"no-referrer-when-downgrade\"><\/iframe><h3 class=\"wp-block-heading\">Vicaria Nuestra Se\u00f1ora de Guadalupe<\/h3><p><p>J-31011021-2<br>Sector Villas de Santa Mar\u00eda, Municipio Tinaquillo. Tel\u00e9fonos: (0258) 7276295.<\/p><span style=\"font-size: Revert; color: initial;\">Lun a S\u00e1b: 5:30 PM<\/span><p>Domingos: 8:00 AM\/10:30 AM\/5:00 PM Despacho: Lun a Vie 8:00 AM-12:00 PM Confesiones: Todos los d\u00edas 4:00 PM Bautismos: S\u00e1b 9:00 AM<\/p> <\/p><iframe src=\"https:\/\/www.google.com\/maps\/embed?pb=!1m14!1m12!1m3!1d3930.3796773267864!2d-68.32151236373397!3d9.902301678865781!2m3!1f0!2f0!3f0!3m2!1i1024!2i768!4f13.1!5e0!3m2!1ses-419!2sve!4v1706110113569!5m2!1ses-419!2sve\" width=\"1200\" height=\"200\" style=\"border:0;\" allowfullscreen=\"\" loading=\"lazy\" referrerpolicy=\"no-referrer-when-downgrade\"><\/iframe>","protected":false},"excerpt":{"rendered":"<p>Arcipreste Parroquias Parroquia Nuestra Se\u00f1ora del Socorro J-000000000 Calle Silva, entre Av. Principal y Av&#8230;.<\/p>\n","protected":false},"author":1,"featured_media":0,"parent":158,"menu_order":0,"comment_status":"closed","ping_status":"closed","template":"","meta":{"_eb_attr":"","om_disable_all_campaigns":false,"_monsterinsights_skip_tracking":false,"_monsterinsights_sitenote_active":false,"_monsterinsights_sitenote_note":"","_monsterinsights_sitenote_category":0,"_uf_show_specific_survey":0,"_uf_disable_surveys":false,"footnotes":""},"class_list":["post-303","page","type-page","status-publish","hentry"],"aioseo_notices":[],"_links":{"self":[{"href":"https:\/\/diocesisdesancarloscojedes.com\/index.php?rest_route=\/wp\/v2\/pages\/303"}],"collection":[{"href":"https:\/\/diocesisdesancarloscojedes.com\/index.php?rest_route=\/wp\/v2\/pages"}],"about":[{"href":"https:\/\/diocesisdesancarloscojedes.com\/index.php?rest_route=\/wp\/v2\/types\/page"}],"author":[{"embeddable":true,"href":"https:\/\/diocesisdesancarloscojedes.com\/index.php?rest_route=\/wp\/v2\/users\/1"}],"replies":[{"embeddable":true,"href":"https:\/\/diocesisdesancarloscojedes.com\/index.php?rest_route=%2Fwp%2Fv2%2Fcomments&post=303"}],"version-history":[{"count":9,"href":"https:\/\/diocesisdesancarloscojedes.com\/index.php?rest_route=\/wp\/v2\/pages\/303\/revisions"}],"predecessor-version":[{"id":1130,"href":"https:\/\/diocesisdesancarloscojedes.com\/index.php?rest_route=\/wp\/v2\/pages\/303\/revisions\/1130"}],"up":[{"embeddable":true,"href":"https:\/\/diocesisdesancarloscojedes.com\/index.php?rest_route=\/wp\/v2\/pages\/158"}],"wp:attachment":[{"href":"https:\/\/diocesisdesancarloscojedes.com\/index.php?rest_route=%2Fwp%2Fv2%2Fmedia&parent=303"}],"curies":[{"name":"wp","href":"https:\/\/api.w.org\/{rel}","templated":true}]}}