{"id":229,"date":"2023-05-06T23:48:22","date_gmt":"2023-05-06T23:48:22","guid":{"rendered":"https:\/\/diocesisdesancarloscojedes.com\/?page_id=229"},"modified":"2023-06-15T14:21:50","modified_gmt":"2023-06-15T14:21:50","slug":"santa-teresa-de-calcuta","status":"publish","type":"page","link":"https:\/\/diocesisdesancarloscojedes.com\/?page_id=229","title":{"rendered":"Santa Teresa de Calcuta"},"content":{"rendered":"<h2 class=\"wp-block-heading\">Arcipreste<\/h2><figure class=\"wp-block-image alignfull size-large\"><img fetchpriority=\"high\" decoding=\"async\" width=\"1024\" height=\"171\" src=\"https:\/\/diocesisdesancarloscojedes.com\/wp-content\/uploads\/2023\/06\/marsel-1024x171.png\" alt=\"\" class=\"wp-image-788\" srcset=\"https:\/\/diocesisdesancarloscojedes.com\/wp-content\/uploads\/2023\/06\/marsel-1024x171.png 1024w, https:\/\/diocesisdesancarloscojedes.com\/wp-content\/uploads\/2023\/06\/marsel-300x50.png 300w, https:\/\/diocesisdesancarloscojedes.com\/wp-content\/uploads\/2023\/06\/marsel-768x128.png 768w, https:\/\/diocesisdesancarloscojedes.com\/wp-content\/uploads\/2023\/06\/marsel-1536x256.png 1536w, https:\/\/diocesisdesancarloscojedes.com\/wp-content\/uploads\/2023\/06\/marsel-2048x341.png 2048w, https:\/\/diocesisdesancarloscojedes.com\/wp-content\/uploads\/2023\/06\/marsel-600x100.png 600w\" sizes=\"(max-width: 1024px) 100vw, 1024px\" \/><\/figure><h2 class=\"wp-block-heading\">Parroquias<\/h2><h3 class=\"wp-block-heading\">Parroquia Nuestra Se\u00f1ora de la Divina Misericordia<\/h3><figure class=\"wp-block-image alignright size-large is-resized\"><img decoding=\"async\" src=\"https:\/\/diocesisdesancarloscojedes.com\/wp-content\/uploads\/2023\/05\/1ba7c0e78a2746cb94c06184ff39f8af-1024x899.jpg\" alt=\"\" class=\"wp-image-473\" width=\"443\" height=\"389\" srcset=\"https:\/\/diocesisdesancarloscojedes.com\/wp-content\/uploads\/2023\/05\/1ba7c0e78a2746cb94c06184ff39f8af-1024x899.jpg 1024w, https:\/\/diocesisdesancarloscojedes.com\/wp-content\/uploads\/2023\/05\/1ba7c0e78a2746cb94c06184ff39f8af-300x263.jpg 300w, https:\/\/diocesisdesancarloscojedes.com\/wp-content\/uploads\/2023\/05\/1ba7c0e78a2746cb94c06184ff39f8af-768x674.jpg 768w, https:\/\/diocesisdesancarloscojedes.com\/wp-content\/uploads\/2023\/05\/1ba7c0e78a2746cb94c06184ff39f8af-600x527.jpg 600w, https:\/\/diocesisdesancarloscojedes.com\/wp-content\/uploads\/2023\/05\/1ba7c0e78a2746cb94c06184ff39f8af.jpg 1080w\" sizes=\"(max-width: 443px) 100vw, 443px\" \/><\/figure><p>J-29731778-8<br>Av. Bol\u00edvar c\/c Andr\u00e9s Eloy Blanco, Frente a la Plaza Bol\u00edvar, Cojedito Edo. Cojedes.<br>Tel\u00e9fonos: (0258) 7281738<\/p><p>Lun a S\u00e1b: 6:00 PM<br>Domingos: 9:00 AM\/6:00 PM<br>Despacho: Lun a Vie 9:00 AM-12:00 PM Confesiones: Lun a Dom 4 PM \/ Jue 3:00 PM Bautismos: S\u00e1b 9:00 AM<\/p><p><\/p><iframe src=\"https:\/\/www.google.com\/maps\/embed?pb=!1m18!1m12!1m3!1d2226.932299304087!2d-68.92161635637106!3d9.620204380849279!2m3!1f0!2f0!3f0!3m2!1i1024!2i768!4f13.1!3m3!1m2!1s0x8e7de1b961eb26bd%3A0x83844971df8551f7!2sTEMPLO%20PARROQUIAL%20DE%20NUESTRA%20SE%C3%91ORA%20DE%20LA%20DIVINA%20MISERICORDIAS!5e0!3m2!1ses-419!2sve!4v1685655232513!5m2!1ses-419!2sve\" width=\"1200\" height=\"200\" style=\"border:0;\" allowfullscreen=\"\" loading=\"lazy\" referrerpolicy=\"no-referrer-when-downgrade\"><\/iframe><h3 class=\"wp-block-heading\">Parroquia Santa Clara de As\u00eds<\/h3><figure class=\"wp-block-image alignright size-large is-resized\"><img decoding=\"async\" src=\"https:\/\/diocesisdesancarloscojedes.com\/wp-content\/uploads\/2023\/05\/aparta-1024x944.jpg\" alt=\"\" class=\"wp-image-494\" width=\"432\" height=\"397\" srcset=\"https:\/\/diocesisdesancarloscojedes.com\/wp-content\/uploads\/2023\/05\/aparta-1024x944.jpg 1024w, https:\/\/diocesisdesancarloscojedes.com\/wp-content\/uploads\/2023\/05\/aparta-300x277.jpg 300w, https:\/\/diocesisdesancarloscojedes.com\/wp-content\/uploads\/2023\/05\/aparta-768x708.jpg 768w, https:\/\/diocesisdesancarloscojedes.com\/wp-content\/uploads\/2023\/05\/aparta-600x553.jpg 600w, https:\/\/diocesisdesancarloscojedes.com\/wp-content\/uploads\/2023\/05\/aparta.jpg 1200w\" sizes=\"(max-width: 432px) 100vw, 432px\" \/><\/figure><p>J-31012809-0<br>Calle 24 de Junio, Frente a la Escuela Mauricio P\u00e9rez Lazo, al lado de la Plaza Bol\u00edvar, Apartadero, Edo. Cojedes.<br>Tel\u00e9fonos: (0258) 7280274<\/p><p>Lun a S\u00e1b:<br>Domingos: 7:00AM\/9:00 AM\/5:00 PM<br>Despacho: Lun a Vie 8:00 AM-12:00 PM Confesiones: Jue 4:00 PM\/Primeros viernes de mes Bautismos: S\u00e1bados 9:00 AM<\/p><iframe src=\"https:\/\/www.google.com\/maps\/embed?pb=!1m18!1m12!1m3!1d1705.0252468253193!2d-68.94520659235316!3d9.681910246847394!2m3!1f0!2f0!3f0!3m2!1i1024!2i768!4f13.1!3m3!1m2!1s0x8e7de3e5649ec211%3A0x38bcfd45c008b8f7!2sIglesia%20Santa%20Clara%20De%20Asis!5e0!3m2!1ses-419!2sve!4v1685655310154!5m2!1ses-419!2sve\" width=\"1200\" height=\"200\" style=\"border:0;\" allowfullscreen=\"\" loading=\"lazy\" referrerpolicy=\"no-referrer-when-downgrade\"><\/iframe>","protected":false},"excerpt":{"rendered":"<p>Arcipreste Parroquias Parroquia Nuestra Se\u00f1ora de la Divina Misericordia J-29731778-8Av. Bol\u00edvar c\/c Andr\u00e9s Eloy Blanco,&#8230;<\/p>\n","protected":false},"author":1,"featured_media":0,"parent":158,"menu_order":0,"comment_status":"closed","ping_status":"closed","template":"","meta":{"_eb_attr":"","om_disable_all_campaigns":false,"_monsterinsights_skip_tracking":false,"_monsterinsights_sitenote_active":false,"_monsterinsights_sitenote_note":"","_monsterinsights_sitenote_category":0,"_uf_show_specific_survey":0,"_uf_disable_surveys":false,"footnotes":""},"class_list":["post-229","page","type-page","status-publish","hentry"],"aioseo_notices":[],"_links":{"self":[{"href":"https:\/\/diocesisdesancarloscojedes.com\/index.php?rest_route=\/wp\/v2\/pages\/229"}],"collection":[{"href":"https:\/\/diocesisdesancarloscojedes.com\/index.php?rest_route=\/wp\/v2\/pages"}],"about":[{"href":"https:\/\/diocesisdesancarloscojedes.com\/index.php?rest_route=\/wp\/v2\/types\/page"}],"author":[{"embeddable":true,"href":"https:\/\/diocesisdesancarloscojedes.com\/index.php?rest_route=\/wp\/v2\/users\/1"}],"replies":[{"embeddable":true,"href":"https:\/\/diocesisdesancarloscojedes.com\/index.php?rest_route=%2Fwp%2Fv2%2Fcomments&post=229"}],"version-history":[{"count":6,"href":"https:\/\/diocesisdesancarloscojedes.com\/index.php?rest_route=\/wp\/v2\/pages\/229\/revisions"}],"predecessor-version":[{"id":789,"href":"https:\/\/diocesisdesancarloscojedes.com\/index.php?rest_route=\/wp\/v2\/pages\/229\/revisions\/789"}],"up":[{"embeddable":true,"href":"https:\/\/diocesisdesancarloscojedes.com\/index.php?rest_route=\/wp\/v2\/pages\/158"}],"wp:attachment":[{"href":"https:\/\/diocesisdesancarloscojedes.com\/index.php?rest_route=%2Fwp%2Fv2%2Fmedia&parent=229"}],"curies":[{"name":"wp","href":"https:\/\/api.w.org\/{rel}","templated":true}]}}